{"id":2434,"date":"2024-01-30T14:49:35","date_gmt":"2024-01-30T13:49:35","guid":{"rendered":"https:\/\/www2.ual.es\/sabana\/?page_id=2434"},"modified":"2024-01-30T14:49:36","modified_gmt":"2024-01-30T13:49:36","slug":"proyecto-sumapro","status":"publish","type":"page","link":"https:\/\/www2.ual.es\/sabana\/proyecto-sumapro\/","title":{"rendered":"Proyecto SUMAPRO"},"content":{"rendered":"<div class=\"wp-block-image\">\n<figure class=\"alignright size-large is-resized\"><img loading=\"lazy\" decoding=\"async\" width=\"1024\" height=\"685\" src=\"https:\/\/www2.ual.es\/sabana\/wp-content\/uploads\/2024\/01\/New-1024x685.png\" alt=\"\" class=\"wp-image-2429\" style=\"width:57px;height:auto\" srcset=\"https:\/\/www2.ual.es\/sabana\/wp-content\/uploads\/2024\/01\/New-1024x685.png 1024w, https:\/\/www2.ual.es\/sabana\/wp-content\/uploads\/2024\/01\/New-300x201.png 300w, https:\/\/www2.ual.es\/sabana\/wp-content\/uploads\/2024\/01\/New-768x514.png 768w, https:\/\/www2.ual.es\/sabana\/wp-content\/uploads\/2024\/01\/New-1536x1028.png 1536w, https:\/\/www2.ual.es\/sabana\/wp-content\/uploads\/2024\/01\/New.png 1920w\" sizes=\"(max-width: 1024px) 100vw, 1024px\" \/><\/figure><\/div>\n\n\n<p><em>Producci\u00f3n Sostenible Interior De Macroalgas Para Aplicaciones Alimentarias (<strong>SUMAPRO<\/strong>)<\/em><\/p>\n\n\n\n<p><strong>Fuente de Financiaci\u00f3n:<\/strong> Plan complementario de ciencias marinas y del plan de recuperaci\u00f3n, Transformaci\u00f3n y resiliencia<\/p>\n\n\n\n<p><strong>Duraci\u00f3n Prevista:<\/strong> 2023 &#8211; 2024<\/p>\n\n\n\n<p><strong>Cooperantes:<\/strong><\/p>\n\n\n\n<ul class=\"wp-block-list\">\n<li>UNIVERSIDAD DE ALMERIA <img loading=\"lazy\" decoding=\"async\" width=\"20\" height=\"15\" class=\"wp-image-2417\" style=\"width: 20px;\" src=\"https:\/\/www2.ual.es\/sabana\/wp-content\/uploads\/2024\/01\/ES.png\" alt=\"\" srcset=\"https:\/\/www2.ual.es\/sabana\/wp-content\/uploads\/2024\/01\/ES.png 640w, https:\/\/www2.ual.es\/sabana\/wp-content\/uploads\/2024\/01\/ES-300x225.png 300w, https:\/\/www2.ual.es\/sabana\/wp-content\/uploads\/2024\/01\/ES-285x214.png 285w\" sizes=\"(max-width: 20px) 100vw, 20px\" \/><\/li>\n<\/ul>\n\n\n\n<p><em>El objetivo del proyecto PRODUCCI\u00d3N CONTINENTAL SOSTENIBLE DE MACROALGAS PARA APLICACIONES RELACIONADAS CON PIENSOS (<strong>SUMAPRO<\/strong>) es desarrollar y validar procesos a gran escala para la producci\u00f3n sostenible de piensos relacionados con macroalgas. As\u00ed, el proyecto pretende mejorar los conocimientos y tecnolog\u00edas sobre (i) las cepas de algas que se van a producir, (ii) las tecnolog\u00edas de producci\u00f3n que se van a utilizar, (iii) la sostenibilidad del proceso; y (vi) las ventajas de incorporar macroalgas en los piensos para ganado y acuicultura. En detalle, el proyecto SUMAPRO se enfrentar\u00e1 a cuatro grandes retos: (i) caracterizar las cepas de algas a producir determinando las condiciones \u00f3ptimas para producirlas, (ii) optimizar las tecnolog\u00edas actuales para la producci\u00f3n de macroalgas, (iii) aumentar la sostenibilidad del proceso productivo mediante la reducci\u00f3n del consumo energ\u00e9tico, el uso de energ\u00edas renovables, y la sustituci\u00f3n de los fertilizantes utilizados actualmente en la producci\u00f3n de macroalgas por aguas residuales agroindustriales como el esti\u00e9rcol de cerdo,\u00a0 y (iv) producir alimentos para ganado y acuicultura con un mayor valor nutricional.<\/em><\/p>\n\n\n\n<p><\/p>\n\n\n<div class=\"wp-block-image\">\n<figure class=\"aligncenter size-large is-resized\"><img loading=\"lazy\" decoding=\"async\" width=\"1024\" height=\"695\" src=\"https:\/\/www2.ual.es\/sabana\/wp-content\/uploads\/2024\/01\/image-6-1024x695.png\" alt=\"\" class=\"wp-image-2435\" style=\"width:545px;height:auto\" srcset=\"https:\/\/www2.ual.es\/sabana\/wp-content\/uploads\/2024\/01\/image-6-1024x695.png 1024w, https:\/\/www2.ual.es\/sabana\/wp-content\/uploads\/2024\/01\/image-6-300x203.png 300w, https:\/\/www2.ual.es\/sabana\/wp-content\/uploads\/2024\/01\/image-6-768x521.png 768w, https:\/\/www2.ual.es\/sabana\/wp-content\/uploads\/2024\/01\/image-6.png 1265w\" sizes=\"(max-width: 1024px) 100vw, 1024px\" \/><\/figure><\/div>\n\n\n<p><\/p>\n\n\n\n<p><strong>OBJETIVO<\/strong>: Desarrollar y validar procesos a gran escala para la producci\u00f3n continental sostenible de macroalgas para aplicaciones relacionadas con la alimentaci\u00f3n. Para lograr este objetivo se enfrentar\u00e1n grandes desaf\u00edos:<\/p>\n\n\n<div class=\"wp-block-image\">\n<figure class=\"aligncenter is-resized\"><img loading=\"lazy\" decoding=\"async\" width=\"1024\" height=\"647\" src=\"https:\/\/www2.ual.es\/sabana\/wp-content\/uploads\/2024\/01\/image-7-1024x647.png\" alt=\"\" class=\"wp-image-2436\" style=\"width:566px;height:auto\" srcset=\"https:\/\/www2.ual.es\/sabana\/wp-content\/uploads\/2024\/01\/image-7-1024x647.png 1024w, https:\/\/www2.ual.es\/sabana\/wp-content\/uploads\/2024\/01\/image-7-300x190.png 300w, https:\/\/www2.ual.es\/sabana\/wp-content\/uploads\/2024\/01\/image-7-768x486.png 768w, https:\/\/www2.ual.es\/sabana\/wp-content\/uploads\/2024\/01\/image-7.png 1259w\" sizes=\"(max-width: 1024px) 100vw, 1024px\" \/><\/figure><\/div>\n\n\n<p><\/p>\n\n\n\n<ul class=\"wp-block-list\">\n<li>Las macroalgas son el n\u00facleo del proceso y, si bien actualmente existe un portafolio de especies de algas producidas, el portafolio de g\u00e9neros aptos para ser producidos es mucho mayor. El desaf\u00edo es seleccionar las mejores cepas de algas a producir y caracterizarlas, determinando las condiciones \u00f3ptimas para su producci\u00f3n.<\/li>\n\n\n\n<li>Actualmente, las macroalgas se recolectan principalmente del mar (silvestres o acu\u00edcolas). El desaf\u00edo es utilizar las tecnolog\u00edas actuales para la producci\u00f3n de microalgas y adaptarlas a la producci\u00f3n de macroalgas. Adem\u00e1s, se requerir\u00e1n procesos suaves para la recolecci\u00f3n y procesamiento de biomasa.<\/li>\n\n\n\n<li>El alto consumo de energ\u00eda y el uso de fertilizantes en el proceso productivo comprometen la sostenibilidad del proceso. El desaf\u00edo es aumentar la sostenibilidad de la producci\u00f3n reciclando efluentes agroindustriales como fuente de nutrientes, reduciendo el consumo de energ\u00eda e integrando el uso de energ\u00edas renovables.<\/li>\n\n\n\n<li>Los sectores de la acuicultura y la ganader\u00eda requieren que se incorporen a los piensos ingredientes saludables y sostenibles. El desaf\u00edo es producir piensos de alto valor para mover la producci\u00f3n ganadera y acu\u00edcola a trav\u00e9s de un sistema m\u00e1s sostenible, equilibrando la capacidad de utilizar alimentos no comestibles para los humanos y mejorando la calidad del producto final.<\/li>\n<\/ul>\n<div class='cb-post-url-qr-code'><br><img src='https:\/\/api.qrserver.com\/v1\/create-qr-code\/?size=185x185&ecc=L&qzone=1&data=https%3A%2F%2Fwww2.ual.es%2Fsabana%2Fproyecto-sumapro%2F' alt='Proyecto SUMAPRO'\/><\/div>","protected":false},"excerpt":{"rendered":"<p>Producci\u00f3n Sostenible Interior De Macroalgas Para Aplicaciones Alimentarias (SUMAPRO) Fuente de Financiaci\u00f3n: Plan complementario de ciencias marinas y del plan <a href=\"https:\/\/www2.ual.es\/sabana\/proyecto-sumapro\/\" rel=\"nofollow\"><span class=\"sr-only\">Leer m\u00e1sProyecto SUMAPRO<\/span>[&hellip;]<\/a><\/p>\n","protected":false},"author":101014,"featured_media":0,"parent":0,"menu_order":0,"comment_status":"closed","ping_status":"closed","template":"","meta":{"footnotes":""},"class_list":["post-2434","page","type-page","status-publish","hentry"],"_links":{"self":[{"href":"https:\/\/www2.ual.es\/sabana\/wp-json\/wp\/v2\/pages\/2434"}],"collection":[{"href":"https:\/\/www2.ual.es\/sabana\/wp-json\/wp\/v2\/pages"}],"about":[{"href":"https:\/\/www2.ual.es\/sabana\/wp-json\/wp\/v2\/types\/page"}],"author":[{"embeddable":true,"href":"https:\/\/www2.ual.es\/sabana\/wp-json\/wp\/v2\/users\/101014"}],"replies":[{"embeddable":true,"href":"https:\/\/www2.ual.es\/sabana\/wp-json\/wp\/v2\/comments?post=2434"}],"version-history":[{"count":2,"href":"https:\/\/www2.ual.es\/sabana\/wp-json\/wp\/v2\/pages\/2434\/revisions"}],"predecessor-version":[{"id":2438,"href":"https:\/\/www2.ual.es\/sabana\/wp-json\/wp\/v2\/pages\/2434\/revisions\/2438"}],"wp:attachment":[{"href":"https:\/\/www2.ual.es\/sabana\/wp-json\/wp\/v2\/media?parent=2434"}],"curies":[{"name":"wp","href":"https:\/\/api.w.org\/{rel}","templated":true}]}}