{"id":1178,"date":"2025-04-11T07:39:19","date_gmt":"2025-04-11T07:39:19","guid":{"rendered":"https:\/\/heuristic-pascal.82-223-121-91.plesk.page\/?page_id=1178"},"modified":"2025-04-30T09:08:37","modified_gmt":"2025-04-30T07:08:37","slug":"sercom","status":"publish","type":"page","link":"https:\/\/www2.ual.es\/proyecto_aecid_UAL-ENCA\/sercom\/","title":{"rendered":"Sercom"},"content":{"rendered":"<p>[et_pb_section fb_built=\u00bb1&#8243; _builder_version=\u00bb4.27.4&#8243; _module_preset=\u00bbdefault\u00bb custom_margin=\u00bb0px||||false|false\u00bb custom_padding=\u00bb0px||||false|false\u00bb global_colors_info=\u00bb{}\u00bb][et_pb_row _builder_version=\u00bb4.27.4&#8243; _module_preset=\u00bbdefault\u00bb custom_margin=\u00bb40px||||false|false\u00bb custom_padding=\u00bb0px||||false|false\u00bb global_colors_info=\u00bb{}\u00bb][et_pb_column type=\u00bb4_4&#8243; _builder_version=\u00bb4.27.4&#8243; _module_preset=\u00bbdefault\u00bb global_colors_info=\u00bb{}\u00bb][et_pb_heading title=\u00bbSERCOM: Innovaci\u00f3n tecnol\u00f3gica al servicio de la cooperaci\u00f3n al desarrollo y la agricultura sostenible\u00bb _builder_version=\u00bb4.27.4&#8243; _module_preset=\u00bbdefault\u00bb title_font=\u00bb|600|||||||\u00bb title_text_align=\u00bbcenter\u00bb global_colors_info=\u00bb{}\u00bb][\/et_pb_heading][et_pb_image src=\u00bbhttps:\/\/www2.ual.es\/proyecto_aecid_UAL-ENCA\/wp-content\/uploads\/2025\/04\/SERCOM-Innovacion-tecnologica-al-servicio-de-la-cooperacion-al-desarrollo-y-la-agricultura-sostenible-.jpg\u00bb title_text=\u00bbSERCOM- Innovaci\u00f3n tecnol\u00f3gica al servicio de la cooperaci\u00f3n al desarrollo y la agricultura sostenible\u00bb align=\u00bbcenter\u00bb _builder_version=\u00bb4.27.4&#8243; _module_preset=\u00bbdefault\u00bb global_colors_info=\u00bb{}\u00bb][\/et_pb_image][et_pb_text _builder_version=\u00bb4.27.4&#8243; _module_preset=\u00bbdefault\u00bb custom_margin=\u00bb||0px||false|false\u00bb custom_padding=\u00bb||0px||false|false\u00bb hover_enabled=\u00bb0&#8243; global_colors_info=\u00bb{}\u00bb text_orientation=\u00bbjustified\u00bb sticky_enabled=\u00bb0&#8243;]<\/p>\n<p><span style=\"font-weight: 400;\">Ubicada en el coraz\u00f3n de la regi\u00f3n de cultivo de bulbos en Lisse, Pa\u00edses Bajos, <\/span><b>SERCOM<\/b><span style=\"font-weight: 400;\"> lleva desde 1984 ofreciendo soluciones pr\u00e1cticas e innovadoras que acompa\u00f1an a agricultores en su camino hacia una producci\u00f3n m\u00e1s eficiente, resiliente y sostenible. Sin embargo, su compromiso trasciende la esfera empresarial para convertirse en una apuesta clara por la cooperaci\u00f3n internacional y el desarrollo humano sostenible.<\/span><\/p>\n<p><span style=\"font-weight: 400;\">Actualmente, <\/span><b>SERCOM<\/b><span style=\"font-weight: 400;\"> participa activamente como socia en dos proyectos de cooperaci\u00f3n financiados por la <\/span><b>Agencia Andaluza de Cooperaci\u00f3n Internacional para el Desarrollo (AACID)<\/b><span style=\"font-weight: 400;\"> y en un proyecto respaldado por la <\/span><b>Agencia Espa\u00f1ola de Cooperaci\u00f3n Internacional para el Desarrollo (AECID)<\/b><span style=\"font-weight: 400;\">. Estas acciones reafirman que, para <\/span><b>SERCOM<\/b><span style=\"font-weight: 400;\">, la innovaci\u00f3n debe estar al servicio del bienestar de las personas y de la preservaci\u00f3n de los recursos naturales.<\/span><\/p>\n<p><span style=\"font-weight: 400;\">El enfoque de <\/span><b>SERCOM<\/b><span style=\"font-weight: 400;\"> est\u00e1 plenamente alineado con los<\/span><b> Objetivos de Desarrollo Sostenible (ODS) de Naciones Unidas<\/b><span style=\"font-weight: 400;\">, en particular con metas como:<\/span><\/p>\n<p><span style=\"font-weight: 400;\"><\/span><\/p>\n<ul>\n<li style=\"font-weight: 400;\" aria-level=\"1\"><b>ODS 2: Hambre cero<\/b><span style=\"font-weight: 400;\">, contribuyendo al aumento de la productividad agr\u00edcola de manera sostenible.<\/span><\/li>\n<li style=\"font-weight: 400;\" aria-level=\"1\"><b>ODS 6: Agua limpia y saneamient<\/b><span style=\"font-weight: 400;\">o, impulsando sistemas de riego m\u00e1s eficientes y optimizando el uso del recurso h\u00eddrico.<\/span><\/li>\n<li style=\"font-weight: 400;\" aria-level=\"1\"><b>ODS 12: Producci\u00f3n y consumo responsable<\/b><span style=\"font-weight: 400;\">s, a trav\u00e9s de tecnolog\u00edas que mejoran la eficiencia y reducen el impacto ambiental.<\/span><\/li>\n<li style=\"font-weight: 400;\" aria-level=\"1\"><b>ODS 13: Acci\u00f3n por el clim<\/b><span style=\"font-weight: 400;\">a, promoviendo pr\u00e1cticas agr\u00edcolas adaptadas al cambio clim\u00e1tico.<\/span><\/li>\n<li style=\"font-weight: 400;\" aria-level=\"1\"><b>ODS 17: Alianzas para lograr los objetivos<\/b><span style=\"font-weight: 400;\">, mediante su colaboraci\u00f3n en proyectos de cooperaci\u00f3n internacional.<\/span><\/li>\n<\/ul>\n<p>[\/et_pb_text][et_pb_image src=\u00bbhttps:\/\/www2.ual.es\/proyecto_aecid_UAL-ENCA\/wp-content\/uploads\/2025\/04\/ODS-SERCOM-UAL-Colaboracion-proyectos.jpg\u00bb title_text=\u00bbODS SERCOM UAL &#8211; Colaboraci\u00f3n proyectos\u00bb align=\u00bbcenter\u00bb _builder_version=\u00bb4.27.4&#8243; _module_preset=\u00bbdefault\u00bb global_colors_info=\u00bb{}\u00bb][\/et_pb_image][et_pb_text _builder_version=\u00bb4.27.4&#8243; _module_preset=\u00bbdefault\u00bb hover_enabled=\u00bb0&#8243; global_colors_info=\u00bb{}\u00bb text_orientation=\u00bbjustified\u00bb sticky_enabled=\u00bb0&#8243;]<\/p>\n<p><span style=\"font-weight: 400;\">La durabilidad de los sistemas dise\u00f1ados por <\/span><b>SERCOM<\/b><span style=\"font-weight: 400;\"> \u2014con dispositivos que superan los 30 a\u00f1os de funcionamiento\u2014, su innovaci\u00f3n constante en hardware y software, y su compromiso con la personalizaci\u00f3n de soluciones, refuerzan su contribuci\u00f3n a modelos agr\u00edcolas sostenibles que mejoran la calidad de vida de las comunidades rurales en todo el mundo.<\/span><\/p>\n<p><span style=\"font-weight: 400;\">M\u00e1s all\u00e1 de un modelo de negocio, <\/span><b>SERCOM<\/b><span style=\"font-weight: 400;\"> apuesta por un modelo de futuro: uno en el que el acceso a la tecnolog\u00eda agr\u00edcola de calidad sea un derecho y no un privilegio.<\/span><\/p>\n<p><span style=\"font-weight: 400;\">En este espacio del blog compartiremos noticias, experiencias y avances relacionados con la tecnolog\u00eda agr\u00edcola y su papel en el desarrollo sostenible a nivel global. Nos centraremos en iniciativas que, como las impulsadas por <\/span><b>SERCOM<\/b><span style=\"font-weight: 400;\">, promueven una agricultura moderna, resiliente y respetuosa con el medio ambiente, enmarcada dentro de los <\/span><b>Objetivos de Desarrollo Sostenible (ODS).<\/b><span style=\"font-weight: 400;\"> Queremos ser un punto de encuentro para quienes creen que la innovaci\u00f3n puede \u2014y debe\u2014 ser un motor de cooperaci\u00f3n internacional, sostenibilidad y equidad.<\/span><\/p>\n<p>[\/et_pb_text][\/et_pb_column][\/et_pb_row][\/et_pb_section]<\/p>\n","protected":false},"excerpt":{"rendered":"<p>Ubicada en el coraz\u00f3n de la regi\u00f3n de cultivo de bulbos en Lisse, Pa\u00edses Bajos, SERCOM lleva desde 1984 ofreciendo soluciones pr\u00e1cticas e innovadoras que acompa\u00f1an a agricultores en su camino hacia una producci\u00f3n m\u00e1s eficiente, resiliente y sostenible. Sin embargo, su compromiso trasciende la esfera empresarial para convertirse en una apuesta clara por la [&hellip;]<\/p>\n","protected":false},"author":1,"featured_media":0,"parent":0,"menu_order":0,"comment_status":"closed","ping_status":"closed","template":"","meta":{"_et_pb_use_builder":"on","_et_pb_old_content":"","_et_gb_content_width":"","footnotes":""},"class_list":["post-1178","page","type-page","status-publish","hentry"],"yoast_head":"<!-- This site is optimized with the Yoast SEO plugin v27.4 - https:\/\/yoast.com\/product\/yoast-seo-wordpress\/ -->\n<title>Sercom - UAL-ENCA<\/title>\n<meta name=\"robots\" content=\"index, follow, max-snippet:-1, max-image-preview:large, max-video-preview:-1\" \/>\n<link rel=\"canonical\" href=\"https:\/\/www2.ual.es\/proyecto_aecid_UAL-ENCA\/sercom\/\" \/>\n<meta property=\"og:locale\" content=\"es_ES\" \/>\n<meta property=\"og:type\" content=\"article\" \/>\n<meta property=\"og:title\" content=\"Sercom - UAL-ENCA\" \/>\n<meta property=\"og:description\" content=\"Ubicada en el coraz\u00f3n de la regi\u00f3n de cultivo de bulbos en Lisse, Pa\u00edses Bajos, SERCOM lleva desde 1984 ofreciendo soluciones pr\u00e1cticas e innovadoras que acompa\u00f1an a agricultores en su camino hacia una producci\u00f3n m\u00e1s eficiente, resiliente y sostenible. Sin embargo, su compromiso trasciende la esfera empresarial para convertirse en una apuesta clara por la [&hellip;]\" \/>\n<meta property=\"og:url\" content=\"https:\/\/www2.ual.es\/proyecto_aecid_UAL-ENCA\/sercom\/\" \/>\n<meta property=\"og:site_name\" content=\"UAL-ENCA\" \/>\n<meta property=\"article:publisher\" content=\"https:\/\/www.facebook.com\/colaboracion.UAL\" \/>\n<meta property=\"article:modified_time\" content=\"2025-04-30T07:08:37+00:00\" \/>\n<meta name=\"twitter:card\" content=\"summary_large_image\" \/>\n<meta name=\"twitter:label1\" content=\"Tiempo de lectura\" \/>\n\t<meta name=\"twitter:data1\" content=\"3 minutos\" \/>\n<script type=\"application\/ld+json\" class=\"yoast-schema-graph\">{\"@context\":\"https:\\\/\\\/schema.org\",\"@graph\":[{\"@type\":\"WebPage\",\"@id\":\"https:\\\/\\\/www2.ual.es\\\/proyecto_aecid_UAL-ENCA\\\/sercom\\\/\",\"url\":\"https:\\\/\\\/www2.ual.es\\\/proyecto_aecid_UAL-ENCA\\\/sercom\\\/\",\"name\":\"Sercom - UAL-ENCA\",\"isPartOf\":{\"@id\":\"https:\\\/\\\/www2.ual.es\\\/proyecto_aecid_UAL-ENCA\\\/#website\"},\"datePublished\":\"2025-04-11T07:39:19+00:00\",\"dateModified\":\"2025-04-30T07:08:37+00:00\",\"breadcrumb\":{\"@id\":\"https:\\\/\\\/www2.ual.es\\\/proyecto_aecid_UAL-ENCA\\\/sercom\\\/#breadcrumb\"},\"inLanguage\":\"es\",\"potentialAction\":[{\"@type\":\"ReadAction\",\"target\":[\"https:\\\/\\\/www2.ual.es\\\/proyecto_aecid_UAL-ENCA\\\/sercom\\\/\"]}]},{\"@type\":\"BreadcrumbList\",\"@id\":\"https:\\\/\\\/www2.ual.es\\\/proyecto_aecid_UAL-ENCA\\\/sercom\\\/#breadcrumb\",\"itemListElement\":[{\"@type\":\"ListItem\",\"position\":1,\"name\":\"Portada\",\"item\":\"https:\\\/\\\/www2.ual.es\\\/proyecto_aecid_UAL-ENCA\\\/\"},{\"@type\":\"ListItem\",\"position\":2,\"name\":\"Sercom\"}]},{\"@type\":\"WebSite\",\"@id\":\"https:\\\/\\\/www2.ual.es\\\/proyecto_aecid_UAL-ENCA\\\/#website\",\"url\":\"https:\\\/\\\/www2.ual.es\\\/proyecto_aecid_UAL-ENCA\\\/\",\"name\":\"Colaboraci\u00f3n UAL\",\"description\":\"Proyecto UAL-ENCA\",\"publisher\":{\"@id\":\"https:\\\/\\\/www2.ual.es\\\/proyecto_aecid_UAL-ENCA\\\/#organization\"},\"potentialAction\":[{\"@type\":\"SearchAction\",\"target\":{\"@type\":\"EntryPoint\",\"urlTemplate\":\"https:\\\/\\\/www2.ual.es\\\/proyecto_aecid_UAL-ENCA\\\/?s={search_term_string}\"},\"query-input\":{\"@type\":\"PropertyValueSpecification\",\"valueRequired\":true,\"valueName\":\"search_term_string\"}}],\"inLanguage\":\"es\"},{\"@type\":\"Organization\",\"@id\":\"https:\\\/\\\/www2.ual.es\\\/proyecto_aecid_UAL-ENCA\\\/#organization\",\"name\":\"Colaboraci\u00f3n UAL\",\"url\":\"https:\\\/\\\/www2.ual.es\\\/proyecto_aecid_UAL-ENCA\\\/\",\"logo\":{\"@type\":\"ImageObject\",\"inLanguage\":\"es\",\"@id\":\"https:\\\/\\\/www2.ual.es\\\/proyecto_aecid_UAL-ENCA\\\/#\\\/schema\\\/logo\\\/image\\\/\",\"url\":\"https:\\\/\\\/www2.ual.es\\\/proyecto_aecid_UAL-ENCA\\\/wp-content\\\/uploads\\\/2025\\\/04\\\/cropped-logoUniversidad.png\",\"contentUrl\":\"https:\\\/\\\/www2.ual.es\\\/proyecto_aecid_UAL-ENCA\\\/wp-content\\\/uploads\\\/2025\\\/04\\\/cropped-logoUniversidad.png\",\"width\":512,\"height\":512,\"caption\":\"Colaboraci\u00f3n UAL\"},\"image\":{\"@id\":\"https:\\\/\\\/www2.ual.es\\\/proyecto_aecid_UAL-ENCA\\\/#\\\/schema\\\/logo\\\/image\\\/\"},\"sameAs\":[\"https:\\\/\\\/www.facebook.com\\\/colaboracion.UAL\",\"https:\\\/\\\/www.instagram.com\\\/colaboracion.ual\",\"https:\\\/\\\/www.tiktok.com\\\/@colaboracion.ual\"]}]}<\/script>\n<!-- \/ Yoast SEO plugin. -->","yoast_head_json":{"title":"Sercom - UAL-ENCA","robots":{"index":"index","follow":"follow","max-snippet":"max-snippet:-1","max-image-preview":"max-image-preview:large","max-video-preview":"max-video-preview:-1"},"canonical":"https:\/\/www2.ual.es\/proyecto_aecid_UAL-ENCA\/sercom\/","og_locale":"es_ES","og_type":"article","og_title":"Sercom - UAL-ENCA","og_description":"Ubicada en el coraz\u00f3n de la regi\u00f3n de cultivo de bulbos en Lisse, Pa\u00edses Bajos, SERCOM lleva desde 1984 ofreciendo soluciones pr\u00e1cticas e innovadoras que acompa\u00f1an a agricultores en su camino hacia una producci\u00f3n m\u00e1s eficiente, resiliente y sostenible. Sin embargo, su compromiso trasciende la esfera empresarial para convertirse en una apuesta clara por la [&hellip;]","og_url":"https:\/\/www2.ual.es\/proyecto_aecid_UAL-ENCA\/sercom\/","og_site_name":"UAL-ENCA","article_publisher":"https:\/\/www.facebook.com\/colaboracion.UAL","article_modified_time":"2025-04-30T07:08:37+00:00","twitter_card":"summary_large_image","twitter_misc":{"Tiempo de lectura":"3 minutos"},"schema":{"@context":"https:\/\/schema.org","@graph":[{"@type":"WebPage","@id":"https:\/\/www2.ual.es\/proyecto_aecid_UAL-ENCA\/sercom\/","url":"https:\/\/www2.ual.es\/proyecto_aecid_UAL-ENCA\/sercom\/","name":"Sercom - UAL-ENCA","isPartOf":{"@id":"https:\/\/www2.ual.es\/proyecto_aecid_UAL-ENCA\/#website"},"datePublished":"2025-04-11T07:39:19+00:00","dateModified":"2025-04-30T07:08:37+00:00","breadcrumb":{"@id":"https:\/\/www2.ual.es\/proyecto_aecid_UAL-ENCA\/sercom\/#breadcrumb"},"inLanguage":"es","potentialAction":[{"@type":"ReadAction","target":["https:\/\/www2.ual.es\/proyecto_aecid_UAL-ENCA\/sercom\/"]}]},{"@type":"BreadcrumbList","@id":"https:\/\/www2.ual.es\/proyecto_aecid_UAL-ENCA\/sercom\/#breadcrumb","itemListElement":[{"@type":"ListItem","position":1,"name":"Portada","item":"https:\/\/www2.ual.es\/proyecto_aecid_UAL-ENCA\/"},{"@type":"ListItem","position":2,"name":"Sercom"}]},{"@type":"WebSite","@id":"https:\/\/www2.ual.es\/proyecto_aecid_UAL-ENCA\/#website","url":"https:\/\/www2.ual.es\/proyecto_aecid_UAL-ENCA\/","name":"Colaboraci\u00f3n UAL","description":"Proyecto UAL-ENCA","publisher":{"@id":"https:\/\/www2.ual.es\/proyecto_aecid_UAL-ENCA\/#organization"},"potentialAction":[{"@type":"SearchAction","target":{"@type":"EntryPoint","urlTemplate":"https:\/\/www2.ual.es\/proyecto_aecid_UAL-ENCA\/?s={search_term_string}"},"query-input":{"@type":"PropertyValueSpecification","valueRequired":true,"valueName":"search_term_string"}}],"inLanguage":"es"},{"@type":"Organization","@id":"https:\/\/www2.ual.es\/proyecto_aecid_UAL-ENCA\/#organization","name":"Colaboraci\u00f3n UAL","url":"https:\/\/www2.ual.es\/proyecto_aecid_UAL-ENCA\/","logo":{"@type":"ImageObject","inLanguage":"es","@id":"https:\/\/www2.ual.es\/proyecto_aecid_UAL-ENCA\/#\/schema\/logo\/image\/","url":"https:\/\/www2.ual.es\/proyecto_aecid_UAL-ENCA\/wp-content\/uploads\/2025\/04\/cropped-logoUniversidad.png","contentUrl":"https:\/\/www2.ual.es\/proyecto_aecid_UAL-ENCA\/wp-content\/uploads\/2025\/04\/cropped-logoUniversidad.png","width":512,"height":512,"caption":"Colaboraci\u00f3n UAL"},"image":{"@id":"https:\/\/www2.ual.es\/proyecto_aecid_UAL-ENCA\/#\/schema\/logo\/image\/"},"sameAs":["https:\/\/www.facebook.com\/colaboracion.UAL","https:\/\/www.instagram.com\/colaboracion.ual","https:\/\/www.tiktok.com\/@colaboracion.ual"]}]}},"_links":{"self":[{"href":"https:\/\/www2.ual.es\/proyecto_aecid_UAL-ENCA\/wp-json\/wp\/v2\/pages\/1178","targetHints":{"allow":["GET"]}}],"collection":[{"href":"https:\/\/www2.ual.es\/proyecto_aecid_UAL-ENCA\/wp-json\/wp\/v2\/pages"}],"about":[{"href":"https:\/\/www2.ual.es\/proyecto_aecid_UAL-ENCA\/wp-json\/wp\/v2\/types\/page"}],"author":[{"embeddable":true,"href":"https:\/\/www2.ual.es\/proyecto_aecid_UAL-ENCA\/wp-json\/wp\/v2\/users\/1"}],"replies":[{"embeddable":true,"href":"https:\/\/www2.ual.es\/proyecto_aecid_UAL-ENCA\/wp-json\/wp\/v2\/comments?post=1178"}],"version-history":[{"count":10,"href":"https:\/\/www2.ual.es\/proyecto_aecid_UAL-ENCA\/wp-json\/wp\/v2\/pages\/1178\/revisions"}],"predecessor-version":[{"id":1742,"href":"https:\/\/www2.ual.es\/proyecto_aecid_UAL-ENCA\/wp-json\/wp\/v2\/pages\/1178\/revisions\/1742"}],"wp:attachment":[{"href":"https:\/\/www2.ual.es\/proyecto_aecid_UAL-ENCA\/wp-json\/wp\/v2\/media?parent=1178"}],"curies":[{"name":"wp","href":"https:\/\/api.w.org\/{rel}","templated":true}]}}