{"id":51,"date":"2016-02-04T11:25:14","date_gmt":"2016-02-04T11:25:14","guid":{"rendered":"http:\/\/www2.ual.es\/enerpro\/?page_id=51"},"modified":"2017-11-07T19:24:56","modified_gmt":"2017-11-07T19:24:56","slug":"mettings-news","status":"publish","type":"page","link":"https:\/\/www2.ual.es\/enerpro\/mettings-news\/","title":{"rendered":"MEETINGS &#038; NEWS"},"content":{"rendered":"<h2>First coordinating meeting (10\/07\/2015)<\/h2>\n<hr \/>\n<p>First coordination meeting was held in Madrid\u00a0the day 10\/07\/2015. This meeting was attended by\u00a0the two coordinators\u00a0of each subproject,\u00a0Manuel Berenguel from the Almer\u00eda goup and Diego Alarc\u00f3n from \u00a0PSA-CIEMAT group.<\/p>\n<p>&nbsp;<\/p>\n<h2>Second\u00a0coordinating meeting<strong>\u00a0<\/strong>(16\/11\/2015)<\/h2>\n<hr \/>\n<p style=\"text-align: justify;\">Second coordination meeting was held in Almer\u00eda the day 16\/11\/2015. This meeting was attended by 10 researchers from the goup of Almer\u00eda (Manuel Berenguel, Manuel P\u00e9rez, Antonio Gim\u00e9nez, Francisco Rodr\u00edguez, Mar\u00eda del Mar Castilla, Jos\u00e9 Luis Blanco, Jos\u00e9 Luis Torres, Javier L\u00f3pez and Julio El\u00edas Normey Rico) and 6 from the \u00a0PSA-CIEMAT group (Diego Alarc\u00f3n, Juli\u00e1n Blanco, Luis Yebra, Patricia Palenzuela, Lidia Roca and Javier Bonilla ).<\/p>\n<p style=\"text-align: justify;\">In the following link you can see the program\u00a0of the meeting:<\/p>\n<p style=\"text-align: justify;\"><a href=\"http:\/\/www2.ual.es\/enerpro\/wp-content\/uploads\/2016\/02\/ACFrOgBsMjIxC2HtEBVNqfPTL8sj0r7Np0uQk-dhGpz42B7m2RzzcKM3EfGuitL0IEoXVNWCQWG-CwwIhMSzSZkehido2lJNctWS4-rm0SRSxOXaRJTJ_o37QnKH27M.pdf\" rel=\"\">Program-16\/11\/2015<\/a><\/p>\n<h2 style=\"text-align: justify;\"><\/h2>\n<h2 style=\"text-align: justify;\">Third coordinating meeting (17\/06\/2016)<\/h2>\n<hr \/>\n<p>Third coordination meeting was held in Plataforma Solar de Almer\u00eda the day 17\/06\/2016. This meeting was attended by 13 researches from the University\u00a0of Almer\u00eda group and 8 from the PSA-CIEMAT group.<\/p>\n<p><span style=\"line-height: 1.5;\">All the information about the meeting is given in the following link:<\/span><\/p>\n<p><a href=\"http:\/\/www2.ual.es\/enerpro\/wp-content\/uploads\/2016\/02\/2-Reuni\u00f3n-del-proyecto-DPI2014-56364-C2-1-2-R.pdf\" rel=\"\">Program-17\/06\/2016<\/a><\/p>\n<p>&nbsp;<\/p>\n<h2>Fourth\u00a0coordinating meeting (13\/12\/2016)<\/h2>\n<hr \/>\n<p>Fourth coordination meeting was held in CIESOL (University of Almer\u00eda) the day 13\/12\/2016.\u00a0This meeting was attended by 8 researches from the University\u00a0of Almer\u00eda group and 6 from the PSA-CIEMAT group.<\/p>\n<p>All the information about the meeting is given in the following link:<\/p>\n<p><a href=\"http:\/\/www2.ual.es\/enerpro\/wp-content\/uploads\/2016\/02\/3-Reuni\u00f3n-del-proyecto-DPI2014-56364-C2-1-2-R-1.pdf\" rel=\"\">Program-13\/12\/2016<\/a><\/p>\n<p>&nbsp;<\/p>\n<h2>Fifth coordinating meeting (07\/11\/2017)<\/h2>\n<hr \/>\n<p>Third coordination meeting was held in Plataforma Solar de Almer\u00eda the day 07\/11\/2017. This meeting was attended by 6 researches from the University\u00a0of Almer\u00eda group and 6 from the PSA-CIEMAT group.<\/p>\n<p>All the information about the meeting is given in the following link:<\/p>\n<p><a href=\"http:\/\/www2.ual.es\/enerpro\/wp-content\/uploads\/2016\/02\/4-Reuni\u00f3n-del-proyecto-DPI2014-56364-C2-1-2-R.pdf\" rel=\"\">Program-07\/11\/2017<\/a><\/p>\n<p>&nbsp;<\/p>\n<p>&nbsp;<\/p>\n","protected":false},"excerpt":{"rendered":"<p>First coordinating meeting (10\/07\/2015) First coordination meeting was held in Madrid\u00a0the day 10\/07\/2015. This meeting was attended by\u00a0the two coordinators\u00a0of each subproject,\u00a0Manuel Berenguel from the Almer\u00eda goup and Diego Alarc\u00f3n from \u00a0PSA-CIEMAT group. &nbsp; Second\u00a0coordinating meeting\u00a0(16\/11\/2015) Second coordination meeting was held in Almer\u00eda the day 16\/11\/2015. This meeting was attended by 10 researchers from the <a href=\"https:\/\/www2.ual.es\/enerpro\/mettings-news\/\" rel=\"nofollow\"><span class=\"sr-only\">Read more about MEETINGS &#038; NEWS<\/span>[&hellip;]<\/a><\/p>\n","protected":false},"author":2,"featured_media":0,"parent":0,"menu_order":0,"comment_status":"closed","ping_status":"closed","template":"template-fullwidth.php","meta":{"footnotes":""},"class_list":["post-51","page","type-page","status-publish","hentry"],"_links":{"self":[{"href":"https:\/\/www2.ual.es\/enerpro\/wp-json\/wp\/v2\/pages\/51","targetHints":{"allow":["GET"]}}],"collection":[{"href":"https:\/\/www2.ual.es\/enerpro\/wp-json\/wp\/v2\/pages"}],"about":[{"href":"https:\/\/www2.ual.es\/enerpro\/wp-json\/wp\/v2\/types\/page"}],"author":[{"embeddable":true,"href":"https:\/\/www2.ual.es\/enerpro\/wp-json\/wp\/v2\/users\/2"}],"replies":[{"embeddable":true,"href":"https:\/\/www2.ual.es\/enerpro\/wp-json\/wp\/v2\/comments?post=51"}],"version-history":[{"count":28,"href":"https:\/\/www2.ual.es\/enerpro\/wp-json\/wp\/v2\/pages\/51\/revisions"}],"predecessor-version":[{"id":257,"href":"https:\/\/www2.ual.es\/enerpro\/wp-json\/wp\/v2\/pages\/51\/revisions\/257"}],"wp:attachment":[{"href":"https:\/\/www2.ual.es\/enerpro\/wp-json\/wp\/v2\/media?parent=51"}],"curies":[{"name":"wp","href":"https:\/\/api.w.org\/{rel}","templated":true}]}}

<h2>First coordinating meeting (10/07/2015)</h2>
<hr />
<p>First coordination meeting was held in Madrid the day 10/07/2015. This meeting was attended by the two coordinators of each subproject, Manuel Berenguel from the Almería goup and Diego Alarcón from  PSA-CIEMAT group.</p>
<p>&nbsp;</p>
<h2>Second coordinating meeting<strong> </strong>(16/11/2015)</h2>
<hr />
<p style="text-align: justify;">Second coordination meeting was held in Almería the day 16/11/2015. This meeting was attended by 10 researchers from the goup of Almería (Manuel Berenguel, Manuel Pérez, Antonio Giménez, Francisco Rodríguez, María del Mar Castilla, José Luis Blanco, José Luis Torres, Javier López and Julio Elías Normey Rico) and 6 from the  PSA-CIEMAT group (Diego Alarcón, Julián Blanco, Luis Yebra, Patricia Palenzuela, Lidia Roca and Javier Bonilla ).</p>
<p style="text-align: justify;">In the following link you can see the program of the meeting:</p>
<p style="text-align: justify;"><a href="http://www2.ual.es/enerpro/wp-content/uploads/2016/02/ACFrOgBsMjIxC2HtEBVNqfPTL8sj0r7Np0uQk-dhGpz42B7m2RzzcKM3EfGuitL0IEoXVNWCQWG-CwwIhMSzSZkehido2lJNctWS4-rm0SRSxOXaRJTJ_o37QnKH27M.pdf" rel="">Program-16/11/2015</a></p>
<h2 style="text-align: justify;"></h2>
<h2 style="text-align: justify;">Third coordinating meeting (17/06/2016)</h2>
<hr />
<p>Third coordination meeting was held in Plataforma Solar de Almería the day 17/06/2016. This meeting was attended by 13 researches from the University of Almería group and 8 from the PSA-CIEMAT group.</p>
<p><span style="line-height: 1.5;">All the information about the meeting is given in the following link:</span></p>
<p><a href="http://www2.ual.es/enerpro/wp-content/uploads/2016/02/2-Reunión-del-proyecto-DPI2014-56364-C2-1-2-R.pdf" rel="">Program-17/06/2016</a></p>
<p>&nbsp;</p>
<h2>Fourth coordinating meeting (13/12/2016)</h2>
<hr />
<p>Fourth coordination meeting was held in CIESOL (University of Almería) the day 13/12/2016. This meeting was attended by 8 researches from the University of Almería group and 6 from the PSA-CIEMAT group.</p>
<p>All the information about the meeting is given in the following link:</p>
<p><a href="http://www2.ual.es/enerpro/wp-content/uploads/2016/02/3-Reunión-del-proyecto-DPI2014-56364-C2-1-2-R-1.pdf" rel="">Program-13/12/2016</a></p>
<p>&nbsp;</p>
<h2>Fifth coordinating meeting (07/11/2017)</h2>
<hr />
<p>Third coordination meeting was held in Plataforma Solar de Almería the day 07/11/2017. This meeting was attended by 6 researches from the University of Almería group and 6 from the PSA-CIEMAT group.</p>
<p>All the information about the meeting is given in the following link:</p>
<p><a href="http://www2.ual.es/enerpro/wp-content/uploads/2016/02/4-Reunión-del-proyecto-DPI2014-56364-C2-1-2-R.pdf" rel="">Program-07/11/2017</a></p>
<p>&nbsp;</p>
<p>&nbsp;</p>

<p>First coordinating meeting (10/07/2015) First coordination meeting was held in Madrid the day 10/07/2015. This meeting was attended by the two coordinators of each subproject, Manuel Berenguel from the Almería goup and Diego Alarcón from  PSA-CIEMAT group. &nbsp; Second coordinating meeting (16/11/2015) Second coordination meeting was held in Almería the day 16/11/2015. This meeting was attended by 10 researchers from the <a href="https://www2.ual.es/enerpro/mettings-news/" rel="nofollow"><span class="sr-only">Read more about MEETINGS &#038; NEWS</span>[&hellip;]</a></p>
