{"id":2758,"date":"2023-09-25T11:48:04","date_gmt":"2023-09-25T09:48:04","guid":{"rendered":"http:\/\/www2.ual.es\/advice\/?page_id=2758"},"modified":"2025-11-28T12:54:31","modified_gmt":"2025-11-28T11:54:31","slug":"proyecto-emma","status":"publish","type":"page","link":"https:\/\/www2.ual.es\/advice\/proyecto-emma\/","title":{"rendered":"Proyecto EMMA"},"content":{"rendered":"\t\t<div data-elementor-type=\"wp-page\" data-elementor-id=\"2758\" class=\"elementor elementor-2758\" data-elementor-post-type=\"page\">\n\t\t\t\t\t\t<section class=\"elementor-section elementor-top-section elementor-element elementor-element-e87ff2f elementor-section-stretched elementor-section-boxed elementor-section-height-default elementor-section-height-default\" data-id=\"e87ff2f\" data-element_type=\"section\" data-e-type=\"section\" data-settings=\"{&quot;stretch_section&quot;:&quot;section-stretched&quot;}\">\n\t\t\t\t\t\t<div class=\"elementor-container elementor-column-gap-default\">\n\t\t\t\t\t<header class=\"elementor-column elementor-col-50 elementor-top-column elementor-element elementor-element-1a812f3\" data-id=\"1a812f3\" data-element_type=\"column\" data-e-type=\"column\">\n\t\t\t<div class=\"elementor-widget-wrap elementor-element-populated\">\n\t\t\t\t\t\t<div class=\"elementor-element elementor-element-a63885d elementor-widget__width-initial elementor-widget elementor-widget-heading\" data-id=\"a63885d\" data-element_type=\"widget\" data-e-type=\"widget\" data-widget_type=\"heading.default\">\n\t\t\t\t<div class=\"elementor-widget-container\">\n\t\t\t\t\t<h2 class=\"elementor-heading-title elementor-size-default\"><H3><b>Proyecto EMMA  \n<\/b>\n<\/H3><\/h2>\t\t\t\t<\/div>\n\t\t\t\t<\/div>\n\t\t\t\t<div class=\"elementor-element elementor-element-87a2144 elementor-widget-divider--view-line elementor-widget elementor-widget-divider\" data-id=\"87a2144\" data-element_type=\"widget\" data-e-type=\"widget\" data-widget_type=\"divider.default\">\n\t\t\t\t<div class=\"elementor-widget-container\">\n\t\t\t\t\t\t\t<div class=\"elementor-divider\">\n\t\t\t<span class=\"elementor-divider-separator\">\n\t\t\t\t\t\t<\/span>\n\t\t<\/div>\n\t\t\t\t\t\t<\/div>\n\t\t\t\t<\/div>\n\t\t\t\t<div class=\"elementor-element elementor-element-4102e11 elementor-widget__width-initial elementor-widget elementor-widget-heading\" data-id=\"4102e11\" data-element_type=\"widget\" data-e-type=\"widget\" data-widget_type=\"heading.default\">\n\t\t\t\t<div class=\"elementor-widget-container\">\n\t\t\t\t\t<h4 class=\"elementor-heading-title elementor-size-default\"><span style=\"font-size: 18px;font-weight: 400;white-space: normal\">La esclerosis m\u00faltiple es una enfermedad neurol\u00f3gica que afecta principalmente a adultos j\u00f3venes, especialmente a mujeres. Esta condici\u00f3n puede generar discapacidad e impactar significativamente la vida personal, social y laboral de las personas que la padecen. Aunque a\u00fan no hay una cura definitiva, sabemos que los cambios en los h\u00e1bitos de vida, como el ejercicio, la nutrici\u00f3n y las terapias conductuales, pueden marcar una diferencia positiva en la calidad de vida de quienes viven con esta enfermedad.\nSin embargo, hay una brecha importante en la investigaci\u00f3n cient\u00edfica, especialmente en lo que respecta a las mujeres con esclerosis m\u00faltiple. En el Proyecto EMMA, estamos comprometidos a cerrar esta brecha y a entender c\u00f3mo el ciclo menstrual puede influir en la fatiga y la calidad de vida de las mujeres j\u00f3venes con esta enfermedad. Queremos explorar c\u00f3mo las sesiones de actividad f\u00edsica a lo largo del ciclo menstrual pueden impactar en estos aspectos tan importantes.&nbsp;<\/span><br><span style=\"font-size: 18px;font-weight: 400;white-space: normal\">Con este enfoque, buscamos contribuir a la comprensi\u00f3n de los factores espec\u00edficos que afectan a las mujeres con esclerosis m\u00faltiple, y as\u00ed poder desarrollar intervenciones m\u00e1s personalizadas y efectivas que aborden sus necesidades particulares. Al poner \u00e9nfasis en la investigaci\u00f3n y el estudio de la actividad f\u00edsica en relaci\u00f3n con el ciclo menstrual, esperamos obtener informaci\u00f3n valiosa que beneficie tanto a las mujeres con esclerosis m\u00faltiple como a los profesionales de la salud involucrados en su tratamiento y cuidado.&nbsp;<\/span><br><br><span style=\"font-size: 18px;font-weight: 400;white-space: normal\">El objetivo principal es generar conciencia y visibilidad en torno a la mujer y la esclerosis m\u00faltiple, centr\u00e1ndonos espec\u00edficamente en la fisiolog\u00eda femenina y su conexi\u00f3n con esta enfermedad, as\u00ed como en su relaci\u00f3n con la actividad f\u00edsica.&nbsp;<\/span><br><br><span style=\"font-size: 18px;font-weight: 400;white-space: normal\">El impacto esperado es que las mujeres conozcan c\u00f3mo pueden hacer un seguimiento de su ciclo menstrual y c\u00f3mo se relaciona con la sensaci\u00f3n de fatiga que pueden tener en las diferentes fases del ciclo menstrual<\/span>.<\/h4>\t\t\t\t<\/div>\n\t\t\t\t<\/div>\n\t\t\t\t\t<\/div>\n\t\t<\/header>\n\t\t\t\t<div class=\"elementor-column elementor-col-50 elementor-top-column elementor-element elementor-element-f1dc434\" data-id=\"f1dc434\" data-element_type=\"column\" data-e-type=\"column\">\n\t\t\t<div class=\"elementor-widget-wrap elementor-element-populated\">\n\t\t\t\t\t\t<div class=\"elementor-element elementor-element-96af8c6 elementor-widget elementor-widget-image\" data-id=\"96af8c6\" data-element_type=\"widget\" data-e-type=\"widget\" data-widget_type=\"image.default\">\n\t\t\t\t<div class=\"elementor-widget-container\">\n\t\t\t\t\t\t\t\t\t\t\t\t\t\t\t<img fetchpriority=\"high\" decoding=\"async\" width=\"562\" height=\"477\" src=\"https:\/\/www2.ual.es\/advice\/wp-content\/uploads\/2023\/09\/Proyecto_Emma_columna.png\" class=\"attachment-2048x2048 size-2048x2048 wp-image-2813\" alt=\"\" srcset=\"https:\/\/www2.ual.es\/advice\/wp-content\/uploads\/2023\/09\/Proyecto_Emma_columna.png 562w, https:\/\/www2.ual.es\/advice\/wp-content\/uploads\/2023\/09\/Proyecto_Emma_columna-300x255.png 300w\" sizes=\"(max-width: 562px) 100vw, 562px\" \/>\t\t\t\t\t\t\t\t\t\t\t\t\t\t\t<\/div>\n\t\t\t\t<\/div>\n\t\t\t\t<div class=\"elementor-element elementor-element-3f59db9 elementor-widget__width-initial elementor-widget elementor-widget-image\" data-id=\"3f59db9\" data-element_type=\"widget\" data-e-type=\"widget\" data-widget_type=\"image.default\">\n\t\t\t\t<div class=\"elementor-widget-container\">\n\t\t\t\t\t\t\t\t\t\t\t\t\t\t\t<img decoding=\"async\" width=\"472\" height=\"1024\" src=\"https:\/\/www2.ual.es\/advice\/wp-content\/uploads\/2023\/09\/Foto-Ana_EMMA-472x1024.jpeg\" class=\"attachment-large size-large wp-image-2840\" alt=\"\" srcset=\"https:\/\/www2.ual.es\/advice\/wp-content\/uploads\/2023\/09\/Foto-Ana_EMMA-472x1024.jpeg 472w, https:\/\/www2.ual.es\/advice\/wp-content\/uploads\/2023\/09\/Foto-Ana_EMMA-138x300.jpeg 138w, https:\/\/www2.ual.es\/advice\/wp-content\/uploads\/2023\/09\/Foto-Ana_EMMA-708x1536.jpeg 708w, https:\/\/www2.ual.es\/advice\/wp-content\/uploads\/2023\/09\/Foto-Ana_EMMA.jpeg 738w\" sizes=\"(max-width: 472px) 100vw, 472px\" \/>\t\t\t\t\t\t\t\t\t\t\t\t\t\t\t<\/div>\n\t\t\t\t<\/div>\n\t\t\t\t\t<\/div>\n\t\t<\/div>\n\t\t\t\t\t<\/div>\n\t\t<\/section>\n\t\t\t\t<section class=\"elementor-section elementor-top-section elementor-element elementor-element-244e767 elementor-section-full_width elementor-section-height-default elementor-section-height-default\" data-id=\"244e767\" data-element_type=\"section\" data-e-type=\"section\">\n\t\t\t\t\t\t<div class=\"elementor-container elementor-column-gap-default\">\n\t\t\t\t\t<div class=\"elementor-column elementor-col-100 elementor-top-column elementor-element elementor-element-be0004b\" data-id=\"be0004b\" data-element_type=\"column\" data-e-type=\"column\">\n\t\t\t<div class=\"elementor-widget-wrap elementor-element-populated\">\n\t\t\t\t\t\t<div class=\"elementor-element elementor-element-e9247af elementor-widget elementor-widget-text-editor\" data-id=\"e9247af\" data-element_type=\"widget\" data-e-type=\"widget\" data-widget_type=\"text-editor.default\">\n\t\t\t\t<div class=\"elementor-widget-container\">\n\t\t\t\t\t\t\t\t\t<p><span style=\"font-family: var(--wp--preset--font-family--system-font); font-size: var(--wp--preset--font-size--medium);\"><br><\/span><\/p>\n<p><span style=\"font-family: var(--wp--preset--font-family--system-font); font-size: var(--wp--preset--font-size--medium);\">Para m\u00e1s informaci\u00f3n sobre el proyecto: Respuesta a la actividad f\u00edsica de la mujer con esclerosis m\u00faltiple a lo largo del ciclo menstrual (EXPEDIENTE EXP_75066).&nbsp;<\/span><br><\/p>\n<p>Visitar la p\u00e1gina web <a href=\"https:\/\/sites.google.com\/ual.es\/proyectoemma\/inicio\">Proyecto EMMA<\/a>&nbsp;(<a href=\"https:\/\/sites.google.com\/ual.es\/proyectoemma\/inicio\">https:\/\/sites.google.com\/ual.es\/proyectoemma\/inicio<\/a>).<\/p>\t\t\t\t\t\t\t\t<\/div>\n\t\t\t\t<\/div>\n\t\t\t\t\t<\/div>\n\t\t<\/div>\n\t\t\t\t\t<\/div>\n\t\t<\/section>\n\t\t\t\t<section class=\"elementor-section elementor-top-section elementor-element elementor-element-054a63f elementor-section-boxed elementor-section-height-default elementor-section-height-default\" data-id=\"054a63f\" data-element_type=\"section\" data-e-type=\"section\">\n\t\t\t\t\t\t<div class=\"elementor-container elementor-column-gap-default\">\n\t\t\t\t\t<div class=\"elementor-column elementor-col-100 elementor-top-column elementor-element elementor-element-b514034\" data-id=\"b514034\" data-element_type=\"column\" data-e-type=\"column\">\n\t\t\t<div class=\"elementor-widget-wrap elementor-element-populated\">\n\t\t\t\t\t\t<div class=\"elementor-element elementor-element-9a0ca97 elementor-widget-divider--view-line elementor-widget elementor-widget-divider\" data-id=\"9a0ca97\" data-element_type=\"widget\" data-e-type=\"widget\" data-widget_type=\"divider.default\">\n\t\t\t\t<div class=\"elementor-widget-container\">\n\t\t\t\t\t\t\t<div class=\"elementor-divider\">\n\t\t\t<span class=\"elementor-divider-separator\">\n\t\t\t\t\t\t<\/span>\n\t\t<\/div>\n\t\t\t\t\t\t<\/div>\n\t\t\t\t<\/div>\n\t\t\t\t\t<\/div>\n\t\t<\/div>\n\t\t\t\t\t<\/div>\n\t\t<\/section>\n\t\t\t\t<section class=\"elementor-section elementor-top-section elementor-element elementor-element-9f76438 elementor-section-full_width elementor-section-stretched elementor-section-height-default elementor-section-height-default\" data-id=\"9f76438\" data-element_type=\"section\" data-e-type=\"section\" data-settings=\"{&quot;stretch_section&quot;:&quot;section-stretched&quot;}\">\n\t\t\t\t\t\t<div class=\"elementor-container elementor-column-gap-default\">\n\t\t\t\t\t<div class=\"elementor-column elementor-col-100 elementor-top-column elementor-element elementor-element-a346195\" data-id=\"a346195\" data-element_type=\"column\" data-e-type=\"column\">\n\t\t\t<div class=\"elementor-widget-wrap elementor-element-populated\">\n\t\t\t\t\t\t<div class=\"elementor-element elementor-element-34a921a elementor-widget elementor-widget-image\" data-id=\"34a921a\" data-element_type=\"widget\" data-e-type=\"widget\" data-widget_type=\"image.default\">\n\t\t\t\t<div class=\"elementor-widget-container\">\n\t\t\t\t\t\t\t\t\t\t\t\t\t\t\t<img decoding=\"async\" width=\"1024\" height=\"129\" src=\"https:\/\/www2.ual.es\/advice\/wp-content\/uploads\/2025\/11\/csd_Logos_Combinados-1024x129.png\" class=\"attachment-large size-large wp-image-5294\" alt=\"\" srcset=\"https:\/\/www2.ual.es\/advice\/wp-content\/uploads\/2025\/11\/csd_Logos_Combinados-1024x129.png 1024w, https:\/\/www2.ual.es\/advice\/wp-content\/uploads\/2025\/11\/csd_Logos_Combinados-300x38.png 300w, https:\/\/www2.ual.es\/advice\/wp-content\/uploads\/2025\/11\/csd_Logos_Combinados-768x97.png 768w, https:\/\/www2.ual.es\/advice\/wp-content\/uploads\/2025\/11\/csd_Logos_Combinados-1536x193.png 1536w, https:\/\/www2.ual.es\/advice\/wp-content\/uploads\/2025\/11\/csd_Logos_Combinados-2048x258.png 2048w\" sizes=\"(max-width: 1024px) 100vw, 1024px\" \/>\t\t\t\t\t\t\t\t\t\t\t\t\t\t\t<\/div>\n\t\t\t\t<\/div>\n\t\t\t\t\t<\/div>\n\t\t<\/div>\n\t\t\t\t\t<\/div>\n\t\t<\/section>\n\t\t\t\t<\/div>\n\t\t<p>Visitas: 659<\/p>","protected":false},"excerpt":{"rendered":"<p>Proyecto EMMA La esclerosis m\u00faltiple es una enfermedad neurol\u00f3gica que afecta principalmente a adultos j\u00f3venes, especialmente a mujeres. Esta condici\u00f3n puede generar discapacidad e impactar significativamente la vida personal, social y laboral de las personas que la padecen. Aunque a\u00fan no hay una cura definitiva, sabemos que los cambios en los h\u00e1bitos de vida, como [&hellip;]<\/p>\n","protected":false},"author":5,"featured_media":1962,"parent":0,"menu_order":1,"comment_status":"closed","ping_status":"closed","template":"elementor_theme","meta":{"_uag_custom_page_level_css":"","footnotes":""},"class_list":["post-2758","page","type-page","status-publish","has-post-thumbnail","hentry"],"uagb_featured_image_src":{"full":["https:\/\/www2.ual.es\/advice\/wp-content\/uploads\/2023\/04\/rep_esclerosis3.jpg",1000,1200,false],"thumbnail":["https:\/\/www2.ual.es\/advice\/wp-content\/uploads\/2023\/04\/rep_esclerosis3-150x150.jpg",150,150,true],"medium":["https:\/\/www2.ual.es\/advice\/wp-content\/uploads\/2023\/04\/rep_esclerosis3-250x300.jpg",250,300,true],"medium_large":["https:\/\/www2.ual.es\/advice\/wp-content\/uploads\/2023\/04\/rep_esclerosis3-768x922.jpg",768,922,true],"large":["https:\/\/www2.ual.es\/advice\/wp-content\/uploads\/2023\/04\/rep_esclerosis3-853x1024.jpg",853,1024,true],"1536x1536":["https:\/\/www2.ual.es\/advice\/wp-content\/uploads\/2023\/04\/rep_esclerosis3.jpg",1000,1200,false],"2048x2048":["https:\/\/www2.ual.es\/advice\/wp-content\/uploads\/2023\/04\/rep_esclerosis3.jpg",1000,1200,false]},"uagb_author_info":{"display_name":"jacobo angel rubio arias","author_link":"https:\/\/www2.ual.es\/advice\/author\/jararias\/"},"uagb_comment_info":0,"uagb_excerpt":"Proyecto EMMA La esclerosis m\u00faltiple es una enfermedad neurol\u00f3gica que afecta principalmente a adultos j\u00f3venes, especialmente a mujeres. Esta condici\u00f3n puede generar discapacidad e impactar significativamente la vida personal, social y laboral de las personas que la padecen. Aunque a\u00fan no hay una cura definitiva, sabemos que los cambios en los h\u00e1bitos de vida, como&hellip;","_links":{"self":[{"href":"https:\/\/www2.ual.es\/advice\/wp-json\/wp\/v2\/pages\/2758","targetHints":{"allow":["GET"]}}],"collection":[{"href":"https:\/\/www2.ual.es\/advice\/wp-json\/wp\/v2\/pages"}],"about":[{"href":"https:\/\/www2.ual.es\/advice\/wp-json\/wp\/v2\/types\/page"}],"author":[{"embeddable":true,"href":"https:\/\/www2.ual.es\/advice\/wp-json\/wp\/v2\/users\/5"}],"replies":[{"embeddable":true,"href":"https:\/\/www2.ual.es\/advice\/wp-json\/wp\/v2\/comments?post=2758"}],"version-history":[{"count":228,"href":"https:\/\/www2.ual.es\/advice\/wp-json\/wp\/v2\/pages\/2758\/revisions"}],"predecessor-version":[{"id":5314,"href":"https:\/\/www2.ual.es\/advice\/wp-json\/wp\/v2\/pages\/2758\/revisions\/5314"}],"wp:featuredmedia":[{"embeddable":true,"href":"https:\/\/www2.ual.es\/advice\/wp-json\/wp\/v2\/media\/1962"}],"wp:attachment":[{"href":"https:\/\/www2.ual.es\/advice\/wp-json\/wp\/v2\/media?parent=2758"}],"curies":[{"name":"wp","href":"https:\/\/api.w.org\/{rel}","templated":true}]}}