{"id":107,"date":"2022-07-10T17:25:33","date_gmt":"2022-07-10T17:25:33","guid":{"rendered":"https:\/\/www2.ual.es\/FQM-317\/?page_id=107"},"modified":"2022-07-10T17:25:33","modified_gmt":"2022-07-10T17:25:33","slug":"enlaces-de-interes","status":"publish","type":"page","link":"https:\/\/www2.ual.es\/FQM-317\/enlaces-de-interes\/","title":{"rendered":"Enlaces de inter\u00e9s"},"content":{"rendered":"<p>En esta p\u00e1gina podr\u00e1s encontrar enlaces de inter\u00e9s relacionados con nuestras l\u00edneas de investigaci\u00f3n.<\/p>\n<ul>\n<li><a href=\"http:\/\/plorenzo.webs.ull.es\/\">P\u00e1gina personal<\/a> de Pablo Lorenzo Luis, Dpto. de Qu\u00edmica Inorg\u00e1nica (Universidad de La Laguna)<\/li>\n<li><a href=\"http:\/\/www.iccom.cnr.it\/peruzzini\/\">P\u00e1gina personal<\/a> de Maurizio Peruzzini, ICCOM-CNR (Florencia, Italia)<\/li>\n<li><a href=\"https:\/\/www.um.es\/grupos\/grupo-quimica-coord\/index.html\">Grupo de Investigaci\u00f3n de Qu\u00edmica de la Coordinaci\u00f3n<\/a> &#8211; Qu\u00edmica Organomet\u00e1lica (Universidad de Murcia)<\/li>\n<li><a href=\"https:\/\/www.um.es\/grupos\/grupo-quimica-coord\/index.html\">Grupo de Investigaci\u00f3n de Qu\u00edmica Organomet\u00e1lica<\/a> (Universidad de Murcia)<\/li>\n<li><a href=\"http:\/\/www2.ual.es\/3Dmolecules\/\">P\u00e1gina 3D molecules<\/a>: proyecto docente para la impresi\u00f3n 3D de modelos moleculares<\/li>\n<\/ul>\n","protected":false},"excerpt":{"rendered":"<p>En esta p\u00e1gina podr\u00e1s encontrar enlaces de inter\u00e9s relacionados con nuestras l\u00edneas de investigaci\u00f3n. P\u00e1gina personal de Pablo Lorenzo Luis, Dpto. de Qu\u00edmica Inorg\u00e1nica (Universidad de La Laguna) P\u00e1gina personal de Maurizio Peruzzini, ICCOM-CNR (Florencia, Italia) Grupo de Investigaci\u00f3n de Qu\u00edmica de la Coordinaci\u00f3n &#8211; Qu\u00edmica Organomet\u00e1lica (Universidad de Murcia) Grupo de Investigaci\u00f3n de Qu\u00edmica &#8230; <a title=\"Enlaces de inter\u00e9s\" class=\"read-more\" href=\"https:\/\/www2.ual.es\/FQM-317\/enlaces-de-interes\/\" aria-label=\"Leer m\u00e1s sobre Enlaces de inter\u00e9s\">Leer m\u00e1s<\/a><\/p>\n","protected":false},"author":1,"featured_media":0,"parent":0,"menu_order":0,"comment_status":"closed","ping_status":"closed","template":"","meta":{"footnotes":""},"categories":[],"tags":[],"class_list":["post-107","page","type-page","status-publish"],"yoast_head":"<!-- This site is optimized with the Yoast SEO plugin v27.3 - https:\/\/yoast.com\/product\/yoast-seo-wordpress\/ -->\n<title>Enlaces de inter\u00e9s - FQM-317<\/title>\n<meta name=\"robots\" content=\"index, follow, max-snippet:-1, max-image-preview:large, max-video-preview:-1\" \/>\n<link rel=\"canonical\" href=\"https:\/\/www2.ual.es\/FQM-317\/enlaces-de-interes\/\" \/>\n<meta property=\"og:locale\" content=\"es_ES\" \/>\n<meta property=\"og:type\" content=\"article\" \/>\n<meta property=\"og:title\" content=\"Enlaces de inter\u00e9s - FQM-317\" \/>\n<meta property=\"og:description\" content=\"En esta p\u00e1gina podr\u00e1s encontrar enlaces de inter\u00e9s relacionados con nuestras l\u00edneas de investigaci\u00f3n. P\u00e1gina personal de Pablo Lorenzo Luis, Dpto. de Qu\u00edmica Inorg\u00e1nica (Universidad de La Laguna) P\u00e1gina personal de Maurizio Peruzzini, ICCOM-CNR (Florencia, Italia) Grupo de Investigaci\u00f3n de Qu\u00edmica de la Coordinaci\u00f3n &#8211; Qu\u00edmica Organomet\u00e1lica (Universidad de Murcia) Grupo de Investigaci\u00f3n de Qu\u00edmica ... Leer m\u00e1s\" \/>\n<meta property=\"og:url\" content=\"https:\/\/www2.ual.es\/FQM-317\/enlaces-de-interes\/\" \/>\n<meta property=\"og:site_name\" content=\"FQM-317\" \/>\n<meta name=\"twitter:card\" content=\"summary_large_image\" \/>\n<meta name=\"twitter:label1\" content=\"Tiempo de lectura\" \/>\n\t<meta name=\"twitter:data1\" content=\"1 minuto\" \/>\n<script type=\"application\/ld+json\" class=\"yoast-schema-graph\">{\"@context\":\"https:\\\/\\\/schema.org\",\"@graph\":[{\"@type\":\"WebPage\",\"@id\":\"https:\\\/\\\/www2.ual.es\\\/FQM-317\\\/enlaces-de-interes\\\/\",\"url\":\"https:\\\/\\\/www2.ual.es\\\/FQM-317\\\/enlaces-de-interes\\\/\",\"name\":\"Enlaces de inter\u00e9s - FQM-317\",\"isPartOf\":{\"@id\":\"https:\\\/\\\/www2.ual.es\\\/FQM-317\\\/#website\"},\"datePublished\":\"2022-07-10T17:25:33+00:00\",\"breadcrumb\":{\"@id\":\"https:\\\/\\\/www2.ual.es\\\/FQM-317\\\/enlaces-de-interes\\\/#breadcrumb\"},\"inLanguage\":\"es\",\"potentialAction\":[{\"@type\":\"ReadAction\",\"target\":[\"https:\\\/\\\/www2.ual.es\\\/FQM-317\\\/enlaces-de-interes\\\/\"]}]},{\"@type\":\"BreadcrumbList\",\"@id\":\"https:\\\/\\\/www2.ual.es\\\/FQM-317\\\/enlaces-de-interes\\\/#breadcrumb\",\"itemListElement\":[{\"@type\":\"ListItem\",\"position\":1,\"name\":\"Portada\",\"item\":\"https:\\\/\\\/www2.ual.es\\\/FQM-317\\\/\"},{\"@type\":\"ListItem\",\"position\":2,\"name\":\"Enlaces de inter\u00e9s\"}]},{\"@type\":\"WebSite\",\"@id\":\"https:\\\/\\\/www2.ual.es\\\/FQM-317\\\/#website\",\"url\":\"https:\\\/\\\/www2.ual.es\\\/FQM-317\\\/\",\"name\":\"FQM-317\",\"description\":\"Bienvenido a la P\u00e1gina del Grupo de Investigaci\u00f3n de  Qu\u00edmica de Coordinaci\u00f3n, Organomet\u00e1lica y Fotoqu\u00edmica (FQM-317) de la Universidad de Almer\u00eda\",\"publisher\":{\"@id\":\"https:\\\/\\\/www2.ual.es\\\/FQM-317\\\/#organization\"},\"potentialAction\":[{\"@type\":\"SearchAction\",\"target\":{\"@type\":\"EntryPoint\",\"urlTemplate\":\"https:\\\/\\\/www2.ual.es\\\/FQM-317\\\/?s={search_term_string}\"},\"query-input\":{\"@type\":\"PropertyValueSpecification\",\"valueRequired\":true,\"valueName\":\"search_term_string\"}}],\"inLanguage\":\"es\"},{\"@type\":\"Organization\",\"@id\":\"https:\\\/\\\/www2.ual.es\\\/FQM-317\\\/#organization\",\"name\":\"FQM-317\",\"url\":\"https:\\\/\\\/www2.ual.es\\\/FQM-317\\\/\",\"logo\":{\"@type\":\"ImageObject\",\"inLanguage\":\"es\",\"@id\":\"https:\\\/\\\/www2.ual.es\\\/FQM-317\\\/#\\\/schema\\\/logo\\\/image\\\/\",\"url\":\"https:\\\/\\\/www2.ual.es\\\/FQM-317\\\/wp-content\\\/uploads\\\/2022\\\/07\\\/cropped-1.1-letras-blancas.png\",\"contentUrl\":\"https:\\\/\\\/www2.ual.es\\\/FQM-317\\\/wp-content\\\/uploads\\\/2022\\\/07\\\/cropped-1.1-letras-blancas.png\",\"width\":652,\"height\":358,\"caption\":\"FQM-317\"},\"image\":{\"@id\":\"https:\\\/\\\/www2.ual.es\\\/FQM-317\\\/#\\\/schema\\\/logo\\\/image\\\/\"}}]}<\/script>\n<!-- \/ Yoast SEO plugin. -->","yoast_head_json":{"title":"Enlaces de inter\u00e9s - FQM-317","robots":{"index":"index","follow":"follow","max-snippet":"max-snippet:-1","max-image-preview":"max-image-preview:large","max-video-preview":"max-video-preview:-1"},"canonical":"https:\/\/www2.ual.es\/FQM-317\/enlaces-de-interes\/","og_locale":"es_ES","og_type":"article","og_title":"Enlaces de inter\u00e9s - FQM-317","og_description":"En esta p\u00e1gina podr\u00e1s encontrar enlaces de inter\u00e9s relacionados con nuestras l\u00edneas de investigaci\u00f3n. P\u00e1gina personal de Pablo Lorenzo Luis, Dpto. de Qu\u00edmica Inorg\u00e1nica (Universidad de La Laguna) P\u00e1gina personal de Maurizio Peruzzini, ICCOM-CNR (Florencia, Italia) Grupo de Investigaci\u00f3n de Qu\u00edmica de la Coordinaci\u00f3n &#8211; Qu\u00edmica Organomet\u00e1lica (Universidad de Murcia) Grupo de Investigaci\u00f3n de Qu\u00edmica ... Leer m\u00e1s","og_url":"https:\/\/www2.ual.es\/FQM-317\/enlaces-de-interes\/","og_site_name":"FQM-317","twitter_card":"summary_large_image","twitter_misc":{"Tiempo de lectura":"1 minuto"},"schema":{"@context":"https:\/\/schema.org","@graph":[{"@type":"WebPage","@id":"https:\/\/www2.ual.es\/FQM-317\/enlaces-de-interes\/","url":"https:\/\/www2.ual.es\/FQM-317\/enlaces-de-interes\/","name":"Enlaces de inter\u00e9s - FQM-317","isPartOf":{"@id":"https:\/\/www2.ual.es\/FQM-317\/#website"},"datePublished":"2022-07-10T17:25:33+00:00","breadcrumb":{"@id":"https:\/\/www2.ual.es\/FQM-317\/enlaces-de-interes\/#breadcrumb"},"inLanguage":"es","potentialAction":[{"@type":"ReadAction","target":["https:\/\/www2.ual.es\/FQM-317\/enlaces-de-interes\/"]}]},{"@type":"BreadcrumbList","@id":"https:\/\/www2.ual.es\/FQM-317\/enlaces-de-interes\/#breadcrumb","itemListElement":[{"@type":"ListItem","position":1,"name":"Portada","item":"https:\/\/www2.ual.es\/FQM-317\/"},{"@type":"ListItem","position":2,"name":"Enlaces de inter\u00e9s"}]},{"@type":"WebSite","@id":"https:\/\/www2.ual.es\/FQM-317\/#website","url":"https:\/\/www2.ual.es\/FQM-317\/","name":"FQM-317","description":"Bienvenido a la P\u00e1gina del Grupo de Investigaci\u00f3n de  Qu\u00edmica de Coordinaci\u00f3n, Organomet\u00e1lica y Fotoqu\u00edmica (FQM-317) de la Universidad de Almer\u00eda","publisher":{"@id":"https:\/\/www2.ual.es\/FQM-317\/#organization"},"potentialAction":[{"@type":"SearchAction","target":{"@type":"EntryPoint","urlTemplate":"https:\/\/www2.ual.es\/FQM-317\/?s={search_term_string}"},"query-input":{"@type":"PropertyValueSpecification","valueRequired":true,"valueName":"search_term_string"}}],"inLanguage":"es"},{"@type":"Organization","@id":"https:\/\/www2.ual.es\/FQM-317\/#organization","name":"FQM-317","url":"https:\/\/www2.ual.es\/FQM-317\/","logo":{"@type":"ImageObject","inLanguage":"es","@id":"https:\/\/www2.ual.es\/FQM-317\/#\/schema\/logo\/image\/","url":"https:\/\/www2.ual.es\/FQM-317\/wp-content\/uploads\/2022\/07\/cropped-1.1-letras-blancas.png","contentUrl":"https:\/\/www2.ual.es\/FQM-317\/wp-content\/uploads\/2022\/07\/cropped-1.1-letras-blancas.png","width":652,"height":358,"caption":"FQM-317"},"image":{"@id":"https:\/\/www2.ual.es\/FQM-317\/#\/schema\/logo\/image\/"}}]}},"_links":{"self":[{"href":"https:\/\/www2.ual.es\/FQM-317\/wp-json\/wp\/v2\/pages\/107","targetHints":{"allow":["GET"]}}],"collection":[{"href":"https:\/\/www2.ual.es\/FQM-317\/wp-json\/wp\/v2\/pages"}],"about":[{"href":"https:\/\/www2.ual.es\/FQM-317\/wp-json\/wp\/v2\/types\/page"}],"author":[{"embeddable":true,"href":"https:\/\/www2.ual.es\/FQM-317\/wp-json\/wp\/v2\/users\/1"}],"replies":[{"embeddable":true,"href":"https:\/\/www2.ual.es\/FQM-317\/wp-json\/wp\/v2\/comments?post=107"}],"version-history":[{"count":1,"href":"https:\/\/www2.ual.es\/FQM-317\/wp-json\/wp\/v2\/pages\/107\/revisions"}],"predecessor-version":[{"id":108,"href":"https:\/\/www2.ual.es\/FQM-317\/wp-json\/wp\/v2\/pages\/107\/revisions\/108"}],"wp:attachment":[{"href":"https:\/\/www2.ual.es\/FQM-317\/wp-json\/wp\/v2\/media?parent=107"}],"wp:term":[{"taxonomy":"category","embeddable":true,"href":"https:\/\/www2.ual.es\/FQM-317\/wp-json\/wp\/v2\/categories?post=107"},{"taxonomy":"post_tag","embeddable":true,"href":"https:\/\/www2.ual.es\/FQM-317\/wp-json\/wp\/v2\/tags?post=107"}],"curies":[{"name":"wp","href":"https:\/\/api.w.org\/{rel}","templated":true}]}}