{"id":37,"date":"2024-04-22T15:21:42","date_gmt":"2024-04-22T15:21:42","guid":{"rendered":"http:\/\/www2.ual.es\/14camd\/?page_id=37"},"modified":"2024-11-25T11:41:45","modified_gmt":"2024-11-25T09:41:45","slug":"resumenes","status":"publish","type":"page","link":"https:\/\/www2.ual.es\/14camd\/resumenes\/","title":{"rendered":"TRABAJOS"},"content":{"rendered":"\n<p><b>Recepci\u00f3n de trabajos:<\/b><\/p>\n\n\n\n<p><\/p>\n\n\n\n<li>Desde el 1 de septiembre hasta el <s>1 de diciembre de 2024<\/s><span style=\"color:#FF0000\";> 19 de diciembre de 2024<\/span>\n\n\n\n<p><\/p>\n\n\n\n<p><b>Instrucciones:<\/b><\/p>\n\n\n\n<p><\/p>\n\n\n\n<li>Los trabajos, escritos en espa\u00f1ol o ingl\u00e9s, se enviar\u00e1n a trav\u00e9s del formulario que se encuentra al final de esta p\u00e1gina<\/li>\n<li>Se enviar\u00e1 un \u00fanico fichero .pdf conteniendo un resumen del trabajo, con una extensi\u00f3n m\u00e1xima de 4 p\u00e1ginas, utilizando la plantilla que se puede descargar del siguiente <a href=\"https:\/\/drive.google.com\/file\/d\/1TAM7wZnY4ch6P81pb-DD0AkDG1GIenup\/view?usp=sharing\" target=\"_blank\" rel=\"noopener\">enlace<\/a>.<\/li> \n<li>El nombre del fichero debe ser Apellidos_Nombre.pdf<\/li>\n\n\n\n<p><\/p>\n\n\n\n<p><b>Formulario de env\u00edo de trabajos:<\/b><\/p>\n\n\n\n<p><\/p>\n\n\n\n\n<div class=\"wpcf7 no-js\" id=\"wpcf7-f911-o1\" lang=\"es-ES\" dir=\"ltr\" data-wpcf7-id=\"911\">\n<div class=\"screen-reader-response\"><p role=\"status\" aria-live=\"polite\" aria-atomic=\"true\"><\/p> <ul><\/ul><\/div>\n<form action=\"\/14camd\/wp-json\/wp\/v2\/pages\/37#wpcf7-f911-o1\" method=\"post\" class=\"wpcf7-form init\" aria-label=\"Formulario de contacto\" enctype=\"multipart\/form-data\" novalidate=\"novalidate\" data-status=\"init\">\n<fieldset class=\"hidden-fields-container\"><input type=\"hidden\" name=\"_wpcf7\" value=\"911\" \/><input type=\"hidden\" name=\"_wpcf7_version\" value=\"6.1.5\" \/><input type=\"hidden\" name=\"_wpcf7_locale\" value=\"es_ES\" \/><input type=\"hidden\" name=\"_wpcf7_unit_tag\" value=\"wpcf7-f911-o1\" \/><input type=\"hidden\" name=\"_wpcf7_container_post\" value=\"0\" \/><input type=\"hidden\" name=\"_wpcf7_posted_data_hash\" value=\"\" \/><input type=\"hidden\" name=\"_wpcf7_recaptcha_response\" value=\"\" \/>\n<\/fieldset>\n<p><label> Nombre<br \/>\n<span class=\"wpcf7-form-control-wrap\" data-name=\"your-name\"><input size=\"40\" maxlength=\"400\" class=\"wpcf7-form-control wpcf7-text wpcf7-validates-as-required\" autocomplete=\"name\" aria-required=\"true\" aria-invalid=\"false\" value=\"\" type=\"text\" name=\"your-name\" \/><\/span> <\/label>\n<\/p>\n<p><label> Apellidos<br \/>\n<span class=\"wpcf7-form-control-wrap\" data-name=\"your-apellidos\"><input size=\"40\" maxlength=\"400\" class=\"wpcf7-form-control wpcf7-text wpcf7-validates-as-required\" autocomplete=\"apellidos\" aria-required=\"true\" aria-invalid=\"false\" value=\"\" type=\"text\" name=\"your-apellidos\" \/><\/span> <\/label>\n<\/p>\n<p><label> Correo electr\u00f3nico<br \/>\n<span class=\"wpcf7-form-control-wrap\" data-name=\"your-email\"><input size=\"40\" maxlength=\"400\" class=\"wpcf7-form-control wpcf7-email wpcf7-validates-as-required wpcf7-text wpcf7-validates-as-email\" autocomplete=\"email\" aria-required=\"true\" aria-invalid=\"false\" value=\"\" type=\"email\" name=\"your-email\" \/><\/span> <\/label>\n<\/p>\n<p><label> Afiliaci\u00f3n<br \/>\n<span class=\"wpcf7-form-control-wrap\" data-name=\"your-afiliacion\"><input size=\"40\" maxlength=\"400\" class=\"wpcf7-form-control wpcf7-text wpcf7-validates-as-required\" aria-required=\"true\" aria-invalid=\"false\" value=\"\" type=\"text\" name=\"your-afiliacion\" \/><\/span> <\/label>\n<\/p>\n<p><label> T\u00edtulo del trabajo<br \/>\n<span class=\"wpcf7-form-control-wrap\" data-name=\"your-titulo\"><input size=\"40\" maxlength=\"400\" class=\"wpcf7-form-control wpcf7-text wpcf7-validates-as-required\" aria-required=\"true\" aria-invalid=\"false\" value=\"\" type=\"text\" name=\"your-titulo\" \/><\/span> <\/label>\n<\/p>\n<p><label> Adjunta el archivo .pdf con el trabajo. El nombre del archivo debe ser Apellidos_Nombre.pdf<br \/>\n<span class=\"wpcf7-form-control-wrap\" data-name=\"file-63\"><input size=\"40\" class=\"wpcf7-form-control wpcf7-file wpcf7-validates-as-required\" accept=\".pdf\" aria-required=\"true\" aria-invalid=\"false\" type=\"file\" name=\"file-63\" \/><\/span> <\/label>\n<\/p>\n<p><input class=\"wpcf7-form-control wpcf7-submit has-spinner\" type=\"submit\" value=\"Enviar\" \/>\n<\/p><div class=\"wpcf7-response-output\" aria-hidden=\"true\"><\/div>\n<\/form>\n<\/div>\n","protected":false},"excerpt":{"rendered":"<p>Recepci\u00f3n de trabajos: Desde el 1 de septiembre hasta el 1 de diciembre de 2024 19 de diciembre de 2024 Instrucciones: Los trabajos, escritos en espa\u00f1ol o ingl\u00e9s, se enviar\u00e1n a trav\u00e9s del formulario que se encuentra al final de esta p\u00e1gina Se enviar\u00e1 un \u00fanico fichero .pdf conteniendo un resumen del trabajo, con una &hellip; <\/p>\n","protected":false},"author":1,"featured_media":0,"parent":0,"menu_order":3,"comment_status":"closed","ping_status":"closed","template":"","meta":{"footnotes":""},"class_list":["post-37","page","type-page","status-publish","hentry"],"_links":{"self":[{"href":"https:\/\/www2.ual.es\/14camd\/wp-json\/wp\/v2\/pages\/37","targetHints":{"allow":["GET"]}}],"collection":[{"href":"https:\/\/www2.ual.es\/14camd\/wp-json\/wp\/v2\/pages"}],"about":[{"href":"https:\/\/www2.ual.es\/14camd\/wp-json\/wp\/v2\/types\/page"}],"author":[{"embeddable":true,"href":"https:\/\/www2.ual.es\/14camd\/wp-json\/wp\/v2\/users\/1"}],"replies":[{"embeddable":true,"href":"https:\/\/www2.ual.es\/14camd\/wp-json\/wp\/v2\/comments?post=37"}],"version-history":[{"count":20,"href":"https:\/\/www2.ual.es\/14camd\/wp-json\/wp\/v2\/pages\/37\/revisions"}],"predecessor-version":[{"id":1389,"href":"https:\/\/www2.ual.es\/14camd\/wp-json\/wp\/v2\/pages\/37\/revisions\/1389"}],"wp:attachment":[{"href":"https:\/\/www2.ual.es\/14camd\/wp-json\/wp\/v2\/media?parent=37"}],"curies":[{"name":"wp","href":"https:\/\/api.w.org\/{rel}","templated":true}]}}