{"id":17,"date":"2024-05-11T17:39:48","date_gmt":"2024-05-11T15:39:48","guid":{"rendered":"http:\/\/www2.ual.es\/jdual24\/?page_id=17"},"modified":"2024-06-12T19:16:22","modified_gmt":"2024-06-12T17:16:22","slug":"programa","status":"publish","type":"page","link":"http:\/\/www2.ual.es\/jdual24\/programa\/","title":{"rendered":"Programa"},"content":{"rendered":"\n<div class=\"wp-block-group is-vertical is-layout-flex wp-container-core-group-is-layout-fe9cc265 wp-block-group-is-layout-flex\">\n<p><strong><u>Mi\u00e9rcoles 12 de junio de 2024<\/u><\/strong><br>09:00 \u2013 09:30 &nbsp; &nbsp; &nbsp; &nbsp; &nbsp; &nbsp; Inscripci\u00f3n \/ Recepci\u00f3n<br>09:30 \u2013 10:00 &nbsp; &nbsp; &nbsp; &nbsp; &nbsp; &nbsp; Inauguraci\u00f3n y Bienvenida (Equipo Directivo de la EIDUAL)<br>10:00 \u2013 10:30 &nbsp; &nbsp; &nbsp; &nbsp; &nbsp; &nbsp; Charla-Taller: \u00abLa movilidad internacional de doctorado: modalidades y ayudas\u00bb (D. Francisco Joya \u2013 Jefe de Servicio de Movilidad y Promoci\u00f3n Internacional, UAL)<br>10:30 \u2013 11:30 &nbsp; &nbsp; &nbsp; &nbsp; &nbsp; &nbsp; &nbsp;Ronda de Comunicaciones (I) (Estudiantes de doctorado)<br>11:30 \u2013 12:00 &nbsp; &nbsp; &nbsp; &nbsp; &nbsp; &nbsp; &nbsp;Pausa Caf\u00e9<br>12:00 \u2013 13:00 &nbsp; &nbsp; &nbsp; &nbsp; &nbsp; &nbsp; &nbsp;Ponencia: \u00abBases de datos aplicadas a la investigaci\u00f3n hist\u00f3rica\u00bb (D. Manuel D\u00edaz Ordo\u00f1ez \u2013 Profesor, Universidad de Sevilla)<br>13:00 \u2013 14:00 &nbsp; &nbsp; &nbsp; &nbsp; &nbsp; &nbsp; &nbsp;Ronda de Comunicaciones (II) (Estudiantes de doctorado)<br>\u2026\u2026\u2026\u2026\u2026\u2026\u2026\u2026..<br>16:00 \u201317:00 &nbsp; &nbsp; &nbsp; &nbsp; &nbsp; &nbsp; &nbsp;Ponencia: \u00abVicisitudes de la investigaci\u00f3n: comunidades, investigadores y participantes\u00bb (D\u00f1a. Melania Moscoso P\u00e9rez \u2013 Investigadora, CSIC)<br>17:00 \u2013 17:30 &nbsp; &nbsp; &nbsp; &nbsp; &nbsp; &nbsp; &nbsp;Pausa Caf\u00e9<\/p>\n<\/div>\n\n\n\n<hr class=\"wp-block-separator has-alpha-channel-opacity\"\/>\n\n\n\n<p><strong><u><strong>Jueves 13 de junio de 2024<\/strong><\/u><\/strong><br>09:00 \u201310:30 \u00a0 \u00a0 \u00a0 \u00a0 \u00a0 \u00a0 \u00a0 Ronda de Comunicaciones (III) (Estudiantes de doctorado)<br>10:30 \u201311:30 \u00a0 \u00a0 \u00a0 \u00a0 \u00a0 \u00a0 \u00a0 Ponencia: \u00abMatem\u00e1tica aplicada al estudio de la visi\u00f3n humana\u00bb (D. Andrei Martinez Finkeslhtein \u2013 Profesor, Universidad de Baylor (USA) \/ Universidad de Almer\u00eda y D\u00f1a. Gracia Castro de Luna \u2013 Profesora, Universidad de Almer\u00eda)<br>11:30 \u2013 12:00 \u00a0 \u00a0 \u00a0 \u00a0 \u00a0 \u00a0 \u00a0Pausa Caf\u00e9<br>12:00 \u2013 14:00 \u00a0 \u00a0 \u00a0 \u00a0 \u00a0 \u00a0 \u00a0Charla-Coloquio: \u00abCompartiendo Experiencias: Creando una Comunidad de Doctores\u00bb (Doctores egresados y Estudiantes de doctorado)<br>\u2026\u2026\u2026\u2026\u2026\u2026\u2026\u2026..<br>16:00 \u201317:00 \u00a0 \u00a0 \u00a0 \u00a0 \u00a0 \u00a0 \u00a0Charla-Taller: \u00abDivulgando Ciencia: Una Opci\u00f3n Diferente de Futuro\u00bb (D. \u00c1lvaro Morales Molina, Investigador, comunicador y divulgador cient\u00edfico)<br>17:00 \u2013 17:30 \u00a0 \u00a0 \u00a0 \u00a0 \u00a0 \u00a0 \u00a0Pausa Caf\u00e9<\/p>\n\n\n\n<hr class=\"wp-block-separator has-alpha-channel-opacity\"\/>\n\n\n\n<p><strong><u>Viernes 14 de junio de 2024<\/u><\/strong><br>09:00 \u201310:30 \u00a0 \u00a0 \u00a0 \u00a0 \u00a0 \u00a0 \u00a0Sesiones Simult\u00e1neas: Ronda de Comunicaciones (IV)<br>10:30 \u201311:30 \u00a0 \u00a0 \u00a0 \u00a0 \u00a0 \u00a0 \u00a0Ponencia: \u00abSuelos sanos: la ra\u00edz para un futuro f\u00e9rtil\u00bb (D. Jos\u00e9 Ignaci\u00f3 Mar\u00edn Guirao \u2013 Investigador, IFAPA)<br>11:30 \u2013 12:00 \u00a0 \u00a0 \u00a0 \u00a0 \u00a0 \u00a0 Pausa Caf\u00e9<br>12:00 \u2013 13:00 \u00a0 \u00a0 \u00a0 \u00a0 \u00a0 \u00a0Ponencia: \u00abRole of Tokenization in transforming finance and its research avenue\u00bb (D. Imran Yousaf \u2013 Profesor, Wenzhou-Kean University )<br>13:00 \u2013 14:00 \u00a0 \u00a0 \u00a0 \u00a0 \u00a0 \u00a0 Cierre de Jornadas: Entrega de Premios +Acto de clausura<\/p>\n\n\n\n<hr class=\"wp-block-separator has-alpha-channel-opacity\"\/>\n\n\n\n<h2 class=\"wp-block-heading has-text-align-center\">Sesiones paralelas<\/h2>\n\n\n\n<div data-wp-interactive=\"core\/file\" class=\"wp-block-file\"><object data-wp-bind--hidden=\"!state.hasPdfPreview\" hidden class=\"wp-block-file__embed\" data=\"http:\/\/www2.ual.es\/jdual24\/wp-content\/uploads\/2024\/06\/ACTUALIZADO_I-JORNADAS-DOCTORALES-UAL-2024_HORARIO.pdf\" type=\"application\/pdf\" style=\"width:100%;height:600px\" aria-label=\"Incrustado de JORNADAS-DOCTORALES-UAL-2024 HORARIO.\"><\/object><a id=\"wp-block-file--media-c35c7ce7-89a1-452e-aec1-7120e6eb43b4\" href=\"http:\/\/www2.ual.es\/jdual24\/wp-content\/uploads\/2024\/06\/ACTUALIZADO_I-JORNADAS-DOCTORALES-UAL-2024_HORARIO.pdf\">JORNADAS-DOCTORALES-UAL-2024 HORARIO<\/a><a href=\"http:\/\/www2.ual.es\/jdual24\/wp-content\/uploads\/2024\/06\/ACTUALIZADO_I-JORNADAS-DOCTORALES-UAL-2024_HORARIO.pdf\" class=\"wp-block-file__button wp-element-button\" download aria-describedby=\"wp-block-file--media-c35c7ce7-89a1-452e-aec1-7120e6eb43b4\">Descarga<\/a><\/div>\n","protected":false},"excerpt":{"rendered":"<p>Mi\u00e9rcoles 12 de junio de 202409:00 \u2013 09:30 &nbsp; &nbsp; &nbsp; &nbsp; &nbsp; &nbsp; Inscripci\u00f3n \/ Recepci\u00f3n09:30 \u2013 10:00 &nbsp; &nbsp; &nbsp; &nbsp; &nbsp; &nbsp; Inauguraci\u00f3n y Bienvenida (Equipo Directivo de la EIDUAL)10:00 \u2013 10:30 &nbsp; &nbsp; &nbsp; &nbsp; &nbsp; &nbsp; Charla-Taller: \u00abLa movilidad internacional de doctorado: modalidades y ayudas\u00bb (D. Francisco Joya \u2013 Jefe [&hellip;]<\/p>\n","protected":false},"author":1,"featured_media":0,"parent":0,"menu_order":0,"comment_status":"closed","ping_status":"closed","template":"","meta":{"footnotes":""},"class_list":["post-17","page","type-page","status-publish","hentry"],"_links":{"self":[{"href":"http:\/\/www2.ual.es\/jdual24\/wp-json\/wp\/v2\/pages\/17","targetHints":{"allow":["GET"]}}],"collection":[{"href":"http:\/\/www2.ual.es\/jdual24\/wp-json\/wp\/v2\/pages"}],"about":[{"href":"http:\/\/www2.ual.es\/jdual24\/wp-json\/wp\/v2\/types\/page"}],"author":[{"embeddable":true,"href":"http:\/\/www2.ual.es\/jdual24\/wp-json\/wp\/v2\/users\/1"}],"replies":[{"embeddable":true,"href":"http:\/\/www2.ual.es\/jdual24\/wp-json\/wp\/v2\/comments?post=17"}],"version-history":[{"count":10,"href":"http:\/\/www2.ual.es\/jdual24\/wp-json\/wp\/v2\/pages\/17\/revisions"}],"predecessor-version":[{"id":103,"href":"http:\/\/www2.ual.es\/jdual24\/wp-json\/wp\/v2\/pages\/17\/revisions\/103"}],"wp:attachment":[{"href":"http:\/\/www2.ual.es\/jdual24\/wp-json\/wp\/v2\/media?parent=17"}],"curies":[{"name":"wp","href":"https:\/\/api.w.org\/{rel}","templated":true}]}}